{"id":200,"date":"2025-07-23T22:14:29","date_gmt":"2025-07-23T20:14:29","guid":{"rendered":"http:\/\/www.themindedbaby.it\/?page_id=200"},"modified":"2025-08-26T22:05:16","modified_gmt":"2025-08-26T20:05:16","slug":"servizi-sostegno-psicologico-individuale","status":"publish","type":"page","link":"https:\/\/www.themindedbaby.it\/index.php\/servizi-sostegno-psicologico-individuale\/","title":{"rendered":"Servizi: sostegno psicologico individuale"},"content":{"rendered":"<p>[et_pb_section fb_built=&#8221;1&#8243; admin_label=&#8221;Header&#8221; _builder_version=&#8221;4.19.5&#8243; _module_preset=&#8221;default&#8221; background_color=&#8221;gcid-4dccef5c-a04c-4e7c-abbe-b1e880c58010&#8243; collapsed=&#8221;on&#8221; global_colors_info=&#8221;{%22gcid-4dccef5c-a04c-4e7c-abbe-b1e880c58010%22:%91%22background_color%22%93}&#8221;][et_pb_row column_structure=&#8221;1_2,1_2&#8243; _builder_version=&#8221;4.19.5&#8243; _module_preset=&#8221;default&#8221; global_colors_info=&#8221;{}&#8221;][et_pb_column type=&#8221;1_2&#8243; _builder_version=&#8221;4.19.5&#8243; _module_preset=&#8221;default&#8221; global_colors_info=&#8221;{}&#8221;][et_pb_text _builder_version=&#8221;4.19.5&#8243; _module_preset=&#8221;3c4a4e45-405f-4255-a452-e51cb41d1f2a&#8221; header_text_color=&#8221;gcid-f743be1f-46bf-4685-bc55-7e8b347eb98d&#8221; custom_margin=&#8221;||10px||false|false&#8221; locked=&#8221;off&#8221; global_colors_info=&#8221;{%22gcid-f743be1f-46bf-4685-bc55-7e8b347eb98d%22:%91%22header_text_color%22%93}&#8221;]<\/p>\n<h1>sostegno psicologico individuale<\/h1>\n<p>[\/et_pb_text][et_pb_text _builder_version=&#8221;4.27.3&#8243; _module_preset=&#8221;392f6a22-7ccb-4da5-b910-834739b50f95&#8243; text_text_color=&#8221;#FFFFFF&#8221; text_font_size=&#8221;21px&#8221; width=&#8221;71%&#8221; custom_margin=&#8221;120px||||false|false&#8221; global_colors_info=&#8221;{}&#8221;]<\/p>\n<p>Colloqui di supporto psicologico dedicati alla persona.<\/p>\n<p>[\/et_pb_text][\/et_pb_column][et_pb_column type=&#8221;1_2&#8243; _builder_version=&#8221;4.19.5&#8243; _module_preset=&#8221;default&#8221; global_colors_info=&#8221;{}&#8221;][et_pb_image src=&#8221;https:\/\/www.themindedbaby.it\/wp-content\/uploads\/2025\/01\/health-clinic-14.png&#8221; title_text=&#8221;DanceFactory_2024_Cinderella_Chang_ce_M3_119&#8243; _builder_version=&#8221;4.27.3&#8243; _module_preset=&#8221;default&#8221; background_image=&#8221;https:\/\/www.themindedbaby.it\/wp-content\/uploads\/2025\/03\/DanceFactory_2024_Cinderella_Chang_ce_M3_119.jpg&#8221; parallax=&#8221;on&#8221; custom_margin=&#8221;||0px||false|false&#8221; global_colors_info=&#8221;{}&#8221;][\/et_pb_image][et_pb_image src=&#8221;https:\/\/www.themindedbaby.it\/wp-content\/uploads\/2025\/03\/DanceFactory_2024_Cinderella_Chang_ce_I_68.jpg&#8221; title_text=&#8221;DanceFactory_2024_Cinderella_Chang_ce_I_68&#8243; _builder_version=&#8221;4.27.3&#8243; _module_preset=&#8221;default&#8221; custom_margin=&#8221;37px|||0px|false|false&#8221; custom_padding=&#8221;||2px||false|false&#8221; border_radii=&#8221;off|100px|100px|100px|100px&#8221; global_colors_info=&#8221;{}&#8221;][\/et_pb_image][\/et_pb_column][\/et_pb_row][\/et_pb_section][et_pb_section fb_built=&#8221;1&#8243; admin_label=&#8221;Features&#8221; _builder_version=&#8221;4.19.5&#8243; _module_preset=&#8221;default&#8221; background_color=&#8221;gcid-9464c34f-f9ff-43eb-9668-c958662e33fc&#8221; custom_padding=&#8221;||0px||false|false&#8221; collapsed=&#8221;on&#8221; global_colors_info=&#8221;{%22gcid-9464c34f-f9ff-43eb-9668-c958662e33fc%22:%91%22background_color%22%93}&#8221;][et_pb_row column_structure=&#8221;1_2,1_2&#8243; _builder_version=&#8221;4.19.5&#8243; _module_preset=&#8221;default&#8221; global_colors_info=&#8221;{}&#8221;][et_pb_column type=&#8221;1_2&#8243; _builder_version=&#8221;4.19.5&#8243; _module_preset=&#8221;default&#8221; global_colors_info=&#8221;{}&#8221;][et_pb_text _builder_version=&#8221;4.27.3&#8243; _module_preset=&#8221;392f6a22-7ccb-4da5-b910-834739b50f95&#8243; global_colors_info=&#8221;{}&#8221;]<\/p>\n<p style=\"text-align: center;\">Bisogna avere un problema per andare dallo psicologo? No! Sfatiamo questo mito insieme. Pi\u00f9 frequentemente, pu\u00f2 capitare che si avverta il bisogno di fermarsi, di trovare uno spazio proprio in cui sentirsi al sicuro, oppure, semplicemente, di essere ascoltati.<\/p>\n<p>&nbsp;<\/p>\n<p>[\/et_pb_text][\/et_pb_column][et_pb_column type=&#8221;1_2&#8243; _builder_version=&#8221;4.19.5&#8243; _module_preset=&#8221;default&#8221; global_colors_info=&#8221;{}&#8221;][et_pb_text _builder_version=&#8221;4.27.3&#8243; _module_preset=&#8221;392f6a22-7ccb-4da5-b910-834739b50f95&#8243; locked=&#8221;off&#8221; global_colors_info=&#8221;{}&#8221;]<\/p>\n<p style=\"text-align: center;\">Il supporto psicologico non \u00e8 una dispensa di consigli, cos\u00ec come la psicoterapia non \u00e8 una ricetta medica per curare ogni disturbo. Si tratta di uno spazio unico e privato, nel quale (ri)trovare le proprie risorse, capire come si funziona e conoscersi meglio.<\/p>\n<p>[\/et_pb_text][\/et_pb_column][\/et_pb_row][et_pb_row _builder_version=&#8221;4.19.5&#8243; _module_preset=&#8221;default&#8221; global_colors_info=&#8221;{}&#8221;][et_pb_column type=&#8221;4_4&#8243; _builder_version=&#8221;4.19.5&#8243; _module_preset=&#8221;default&#8221; global_colors_info=&#8221;{}&#8221;][et_pb_image src=&#8221;https:\/\/www.themindedbaby.it\/wp-content\/uploads\/2025\/03\/DanceFactory_2024_Cinderella_Chang_ce_M3_119.jpg&#8221; title_text=&#8221;DanceFactory_2024_Cinderella_Chang_ce_M3_119&#8243; _builder_version=&#8221;4.27.3&#8243; _module_preset=&#8221;default&#8221; scroll_fade_enable=&#8221;on&#8221; global_colors_info=&#8221;{}&#8221;][\/et_pb_image][et_pb_image src=&#8221;https:\/\/www.themindedbaby.it\/wp-content\/uploads\/2025\/01\/health-clinic-3.png&#8221; title_text=&#8221;health-clinic-3&#8243; _builder_version=&#8221;4.19.5&#8243; _module_preset=&#8221;default&#8221; positioning=&#8221;absolute&#8221; position_origin_a=&#8221;top_right&#8221; width=&#8221;25%&#8221; global_colors_info=&#8221;{}&#8221;][\/et_pb_image][\/et_pb_column][\/et_pb_row][\/et_pb_section][et_pb_section fb_built=&#8221;1&#8243; admin_label=&#8221;FAQ&#8221; _builder_version=&#8221;4.19.5&#8243; _module_preset=&#8221;default&#8221; background_color=&#8221;gcid-9464c34f-f9ff-43eb-9668-c958662e33fc&#8221; saved_tabs=&#8221;all&#8221; collapsed=&#8221;on&#8221; global_colors_info=&#8221;{%22gcid-9464c34f-f9ff-43eb-9668-c958662e33fc%22:%91%22background_color%22%93}&#8221;][et_pb_row _builder_version=&#8221;4.19.5&#8243; _module_preset=&#8221;default&#8221; max_width=&#8221;750px&#8221; locked=&#8221;off&#8221; global_colors_info=&#8221;{}&#8221;][et_pb_column type=&#8221;4_4&#8243; _builder_version=&#8221;4.19.5&#8243; _module_preset=&#8221;default&#8221; global_colors_info=&#8221;{}&#8221;][et_pb_image src=&#8221;https:\/\/www.themindedbaby.it\/wp-content\/uploads\/2024\/10\/health-clinic-1.png&#8221; title_text=&#8221;health-clinic-1&#8243; align=&#8221;center&#8221; _builder_version=&#8221;4.19.5&#8243; _module_preset=&#8221;default&#8221; max_height=&#8221;12px&#8221; global_colors_info=&#8221;{}&#8221;][\/et_pb_image][et_pb_text _builder_version=&#8221;4.19.5&#8243; _module_preset=&#8221;5c0993f4-33b7-437d-9ca1-890d2da829c3&#8243; text_orientation=&#8221;center&#8221; custom_margin=&#8221;||10px||false|false&#8221; global_colors_info=&#8221;{}&#8221;]<\/p>\n<h2>FAQ<\/h2>\n<p>[\/et_pb_text][et_pb_accordion toggle_icon=&#8221;&#x50;||divi||400&#8243; _builder_version=&#8221;4.27.4&#8243; _module_preset=&#8221;1c24cead-a2a2-43be-ad6f-0808ccfb6e0a&#8221; locked=&#8221;off&#8221; global_colors_info=&#8221;{%22gcid-0b738e94-8a5e-4e5c-8969-81d151b757fa%22:%91%22border_color_all%22,%22border_color_all%22,%22border_color_all%22,%22border_color_all%22,%22border_color_all%22,%22border_color_all%22,%22border_color_all%22,%22border_color_all%22,%22border_color_all%22,%22border_color_all%22,%22border_color_all%22,%22border_color_all%22,%22border_color_all%22,%22border_color_all%22,%22border_color_all%22,%22border_color_all%22,%22border_color_all%22,%22border_color_all%22,%22border_color_all%22,%22border_color_all%22,%22border_color_all%22,%22border_color_all%22,%22border_color_all%22,%22border_color_all%22,%22border_color_all%22,%22border_color_all%22,%22border_color_all%22,%22border_color_all%22,%22border_color_all%22,%22border_color_all%22,%22border_color_all%22%93}&#8221; border_width_all=&#8221;0px&#8221; border_color_all=&#8221;#ca5500&#8243; border_width_bottom=&#8221;1px&#8221;][et_pb_accordion_item title=&#8221;Chi pu\u00f2 rivolgersi a lei per un supporto psicologico?&#8221; open=&#8221;off&#8221; _builder_version=&#8221;4.27.4&#8243; _module_preset=&#8221;930c08b0-8bed-4e99-8ccc-02b3e66d7b1b&#8221; global_colors_info=&#8221;{}&#8221;]<\/p>\n<p>Sono specializzata nel sostegno psicologico a persone in et\u00e0 evolutiva (bambini e adolescenti), ma tutti possono contattarmi per chiedere un colloquio. Capiremo insieme se sono la professionista adeguata per il tuo bisogno.<\/p>\n<p>[\/et_pb_accordion_item][et_pb_accordion_item title=&#8221;Svolge anche psicoterapia individuale?&#8221; _builder_version=&#8221;4.19.5&#8243; _module_preset=&#8221;930c08b0-8bed-4e99-8ccc-02b3e66d7b1b&#8221; global_colors_info=&#8221;{}&#8221; open=&#8221;off&#8221;]<\/p>\n<p>No. Sostegno psicologico e psicoterapia sono due servizi molto diversi. Lo psicoterapeuta possiede una formazione specialistica specifica della durata di almeno quattro anni, che lo qualifica per il trattamento dei principali sintomi, pi\u00f9 o meno invalidanti, di un disturbo psicologico o comportamentale. Io sono una psicologa, per cui mi occupo di consulenze e colloqui di sostegno. Questo comprende anche chiarire i dubbi in merito a quale percorso sia pi\u00f9 indicato in base ai bisogni del singolo!\u00a0<\/p>\n<p>[\/et_pb_accordion_item][et_pb_accordion_item title=&#8221;Dove riceve?&#8221; _builder_version=&#8221;4.27.3&#8243; _module_preset=&#8221;930c08b0-8bed-4e99-8ccc-02b3e66d7b1b&#8221; global_colors_info=&#8221;{}&#8221; open=&#8221;on&#8221;]<\/p>\n<p>Al momento ricevo online e presso uno studio in Via Gramsci, 15, 20008, San Martino di Bareggio (MI)<\/p>\n<p>[\/et_pb_accordion_item][et_pb_accordion_item title=&#8221;Di che problematiche si occupa?&#8221; _builder_version=&#8221;4.27.4&#8243; _module_preset=&#8221;930c08b0-8bed-4e99-8ccc-02b3e66d7b1b&#8221; global_colors_info=&#8221;{}&#8221; open=&#8221;off&#8221;]<\/p>\n<p>Non mi occupo di problematiche specifiche, ma della persona in generale, fatiche comprese (difficolt\u00e0 a livello emotivo, per esempio). Sono, per\u00f2, specializzata in perinatalit\u00e0. Puoi approfondire <strong><span style=\"color: #000000;\"><a href=\"https:\/\/www.themindedbaby.it\/index.php\/servizi-consulenza-perinatale\/\" style=\"color: #000000;\"><span style=\"text-decoration: underline;\">qui<\/span> <\/a><\/span><\/strong>di cosa si tratta nello specifico, ma la psicologia perinatale fornisce uno sguardo a 360\u00b0 sull&#8217;individuo! Tutti, infatti, andiamo incontro all&#8217;evento <em>nascita<\/em>, ma anche a moltissime <em>nascite<\/em> e <em>rinascite<\/em> nel corso di tutta la vita.<\/p>\n<p>[\/et_pb_accordion_item][et_pb_accordion_item title=&#8221;Come viene garantita la privacy?&#8221; _builder_version=&#8221;4.27.4&#8243; _module_preset=&#8221;930c08b0-8bed-4e99-8ccc-02b3e66d7b1b&#8221; global_colors_info=&#8221;{}&#8221; open=&#8221;off&#8221;]<\/p>\n<p>La\/o psicologa\/o, per esercitare, deve essere necessariamente iscritto all&#8217;Ordine regionale di riferimento. In quanto iscritto, il professionista risponde ad un codice deontologico preciso, dettagliato e costantemente aggiornato, che riguarda anche questioni di privacy e consenso. <span style=\"color: #000000;\"><a href=\"https:\/\/www.themindedbaby.it\/index.php\/link-utili-e-indirizzo\/\" style=\"color: #000000;\"><strong><span style=\"text-decoration: underline;\">Qui<\/span> <\/strong><\/a><\/span>puoi trovare tutti i link che certificano i miei titoli. La domanda \u00e8 legittima e molto importante, in quanto avere la possibilit\u00e0 di informarsi a riguardo consente al cittadino di riconoscere i professionisti realmente qualificati al sostegno e alla terapia!<\/p>\n<p>[\/et_pb_accordion_item][\/et_pb_accordion][\/et_pb_column][\/et_pb_row][\/et_pb_section][et_pb_section fb_built=&#8221;1&#8243; admin_label=&#8221;Footer&#8221; _builder_version=&#8221;4.27.4&#8243; _module_preset=&#8221;default&#8221; background_color=&#8221;#082125&#8243; background_image=&#8221;https:\/\/www.themindedbaby.it\/wp-content\/uploads\/2025\/03\/DanceFactory_2024_Cinderella_Chang_ce_I_68.jpg&#8221; background_size=&#8221;initial&#8221; background_position=&#8221;bottom_center&#8221; background_blend=&#8221;overlay&#8221; saved_tabs=&#8221;all&#8221; collapsed=&#8221;on&#8221; global_colors_info=&#8221;{}&#8221;][et_pb_row _builder_version=&#8221;4.19.5&#8243; _module_preset=&#8221;default&#8221; max_width=&#8221;800px&#8221; custom_margin=&#8221;||30px||false|false&#8221; global_colors_info=&#8221;{}&#8221;][et_pb_column type=&#8221;4_4&#8243; _builder_version=&#8221;4.19.5&#8243; _module_preset=&#8221;default&#8221; global_colors_info=&#8221;{}&#8221;][et_pb_image src=&#8221;https:\/\/www.themindedbaby.it\/wp-content\/uploads\/2024\/11\/plant_flower_nature_abstract_vegetation_flora_icon_181457.png&#8221; title_text=&#8221;plant_flower_nature_abstract_vegetation_flora_icon_181457&#8243; align=&#8221;center&#8221; _builder_version=&#8221;4.27.2&#8243; _module_preset=&#8221;default&#8221; width=&#8221;47%&#8221; max_width=&#8221;100%&#8221; min_height=&#8221;90px&#8221; height=&#8221;2px&#8221; max_height=&#8221;2px&#8221; custom_margin=&#8221;-2px||15px||false|false&#8221; filter_saturate=&#8221;145%&#8221; filter_opacity=&#8221;65%&#8221; locked=&#8221;off&#8221; global_colors_info=&#8221;{}&#8221;][\/et_pb_image][et_pb_text _builder_version=&#8221;4.19.5&#8243; _module_preset=&#8221;ae8d9720-5933-4c15-9ba7-8ce0451cc299&#8243; header_2_text_color=&#8221;gcid-f743be1f-46bf-4685-bc55-7e8b347eb98d&#8221; text_orientation=&#8221;center&#8221; locked=&#8221;off&#8221; global_colors_info=&#8221;{%22gcid-f743be1f-46bf-4685-bc55-7e8b347eb98d%22:%91%22header_2_text_color%22%93}&#8221;]<\/p>\n<h2>Vieni a conoscermi!<\/h2>\n<p>[\/et_pb_text][et_pb_button button_url=&#8221;@ET-DC@eyJkeW5hbWljIjp0cnVlLCJjb250ZW50IjoicG9zdF9saW5rX3VybF9wYWdlIiwic2V0dGluZ3MiOnsicG9zdF9pZCI6IjE0MCJ9fQ==@&#8221; url_new_window=&#8221;on&#8221; button_text=&#8221;Prenota un appuntamento&#8221; button_alignment=&#8221;center&#8221; _builder_version=&#8221;4.27.4&#8243; _dynamic_attributes=&#8221;button_url&#8221; _module_preset=&#8221;f82a6d95-34ce-4216-844a-5f0aaa7b0586&#8243; global_colors_info=&#8221;{}&#8221;][\/et_pb_button][\/et_pb_column][\/et_pb_row][\/et_pb_section][et_pb_section fb_built=&#8221;1&#8243; admin_label=&#8221;Footer&#8221; _builder_version=&#8221;4.19.5&#8243; _module_preset=&#8221;default&#8221; background_color=&#8221;#082125&#8243; background_image=&#8221;https:\/\/www.themindedbaby.it\/wp-content\/uploads\/2024\/10\/health-clinic-6.png&#8221; background_size=&#8221;initial&#8221; background_position=&#8221;bottom_center&#8221; custom_padding=&#8221;||0px|||&#8221; saved_tabs=&#8221;all&#8221; locked=&#8221;off&#8221; collapsed=&#8221;on&#8221; global_colors_info=&#8221;{}&#8221;][et_pb_row column_structure=&#8221;1_3,1_3,1_3&#8243; _builder_version=&#8221;4.19.5&#8243; _module_preset=&#8221;default&#8221; custom_padding=&#8221;||||false|false&#8221; global_colors_info=&#8221;{}&#8221;][et_pb_column type=&#8221;1_3&#8243; _builder_version=&#8221;4.19.5&#8243; _module_preset=&#8221;default&#8221; global_colors_info=&#8221;{}&#8221;][et_pb_text _builder_version=&#8221;4.27.3&#8243; _module_preset=&#8221;216171a7-251d-4586-985c-538a3ee9cb18&#8243; header_4_text_color=&#8221;gcid-f743be1f-46bf-4685-bc55-7e8b347eb98d&#8221; global_colors_info=&#8221;{%22gcid-f743be1f-46bf-4685-bc55-7e8b347eb98d%22:%91%22header_4_text_color%22%93}&#8221;]<\/p>\n<h4>Contatti<\/h4>\n<p>[\/et_pb_text][et_pb_text _builder_version=&#8221;4.27.4&#8243; _module_preset=&#8221;bacfe805-e638-4e3d-9c01-f7f134903cef&#8221; header_3_text_color=&#8221;#FFFFFF&#8221; custom_margin=&#8221;||0px||false|false&#8221; global_colors_info=&#8221;{}&#8221;]<\/p>\n<h3><span style=\"color: #ffffff;\"><a href=\"tel:3514006715\" style=\"color: #ffffff;\">351 4006715<\/a><\/span><\/h3>\n<p>[\/et_pb_text][et_pb_text _builder_version=&#8221;4.27.4&#8243; _module_preset=&#8221;88ee1f59-e020-4150-b003-05437d932202&#8243; text_text_color=&#8221;#FFFFFF&#8221; link_text_color=&#8221;#FFFFFF&#8221; global_colors_info=&#8221;{}&#8221;]<a href=\"mailto:lisabiondi6@gmail.com\">lisabiondi6@gmail.com<\/a>[\/et_pb_text][et_pb_social_media_follow icon_color=&#8221;gcid-0b738e94-8a5e-4e5c-8969-81d151b757fa&#8221; _builder_version=&#8221;4.27.4&#8243; _module_preset=&#8221;default&#8221; locked=&#8221;off&#8221; global_colors_info=&#8221;{%22gcid-0b738e94-8a5e-4e5c-8969-81d151b757fa%22:%91%22icon_color%22%93}&#8221;][et_pb_social_media_follow_network social_network=&#8221;instagram&#8221; url=&#8221;https:\/\/www.instagram.com\/themindedbaby\/&#8221; _builder_version=&#8221;4.27.4&#8243; _module_preset=&#8221;default&#8221; global_colors_info=&#8221;{}&#8221; follow_button=&#8221;off&#8221; url_new_window=&#8221;on&#8221;]instagram[\/et_pb_social_media_follow_network][\/et_pb_social_media_follow][\/et_pb_column][et_pb_column type=&#8221;1_3&#8243; _builder_version=&#8221;4.19.5&#8243; _module_preset=&#8221;default&#8221; global_colors_info=&#8221;{}&#8221;][et_pb_text _builder_version=&#8221;4.27.4&#8243; _module_preset=&#8221;88ee1f59-e020-4150-b003-05437d932202&#8243; link_text_color=&#8221;#FFFFFF&#8221; custom_margin=&#8221;||10px||false|false&#8221; global_colors_info=&#8221;{}&#8221;]<a href=\"https:\/\/www.themindedbaby.it\/#area-servizi\">Servizi<\/a>[\/et_pb_text][et_pb_text _builder_version=&#8221;4.27.4&#8243; _module_preset=&#8221;88ee1f59-e020-4150-b003-05437d932202&#8243; link_text_color=&#8221;#FFFFFF&#8221; custom_margin=&#8221;||10px||false|false&#8221; link_option_url=&#8221;https:\/\/www.themindedbaby.it\/index.php\/su-di-me\/&#8221; global_colors_info=&#8221;{}&#8221;]<a href=\"https:\/\/www.themindedbaby.it\/index.php\/su-di-me\/\">Su di me<\/a>[\/et_pb_text][et_pb_text _builder_version=&#8221;4.27.4&#8243; _dynamic_attributes=&#8221;link_option_url&#8221; _module_preset=&#8221;88ee1f59-e020-4150-b003-05437d932202&#8243; link_text_color=&#8221;#FFFFFF&#8221; custom_margin=&#8221;||10px||false|false&#8221; link_option_url=&#8221;@ET-DC@eyJkeW5hbWljIjp0cnVlLCJjb250ZW50IjoicG9zdF9saW5rX3VybF9wYWdlIiwic2V0dGluZ3MiOnsicG9zdF9pZCI6IjMwNyJ9fQ==@&#8221; global_colors_info=&#8221;{}&#8221;]<a href=\"https:\/\/www.themindedbaby.it\/index.php\/the-minded-baby-2\/\">Il progetto<\/a>[\/et_pb_text][et_pb_text _builder_version=&#8221;4.27.4&#8243; _dynamic_attributes=&#8221;link_option_url&#8221; _module_preset=&#8221;88ee1f59-e020-4150-b003-05437d932202&#8243; link_text_color=&#8221;#FFFFFF&#8221; custom_margin=&#8221;||10px||false|false&#8221; link_option_url=&#8221;@ET-DC@eyJkeW5hbWljIjp0cnVlLCJjb250ZW50IjoicG9zdF9saW5rX3VybF9wYWdlIiwic2V0dGluZ3MiOnsicG9zdF9pZCI6IjE0MCJ9fQ==@&#8221; global_colors_info=&#8221;{}&#8221;]<a href=\"https:\/\/www.themindedbaby.it\/index.php\/contatti\/\">Contatti<\/a>[\/et_pb_text][et_pb_text _builder_version=&#8221;4.27.4&#8243; _dynamic_attributes=&#8221;link_option_url&#8221; _module_preset=&#8221;88ee1f59-e020-4150-b003-05437d932202&#8243; link_text_color=&#8221;#FFFFFF&#8221; custom_margin=&#8221;||10px||false|false&#8221; link_option_url=&#8221;@ET-DC@eyJkeW5hbWljIjp0cnVlLCJjb250ZW50IjoicG9zdF9saW5rX3VybF9wYWdlIiwic2V0dGluZ3MiOnsicG9zdF9pZCI6IjIxOCJ9fQ==@&#8221; global_colors_info=&#8221;{}&#8221;]<a href=\"https:\/\/www.themindedbaby.it\/index.php\/link-utili-e-indirizzo\/\">Dove trovarmi<\/a>[\/et_pb_text][\/et_pb_column][et_pb_column type=&#8221;1_3&#8243; _builder_version=&#8221;4.19.5&#8243; _module_preset=&#8221;default&#8221; global_colors_info=&#8221;{}&#8221;][et_pb_text _builder_version=&#8221;4.27.4&#8243; _dynamic_attributes=&#8221;link_option_url&#8221; _module_preset=&#8221;88ee1f59-e020-4150-b003-05437d932202&#8243; text_text_color=&#8221;#FFFFFF&#8221; link_text_color=&#8221;#FFFFFF&#8221; custom_margin=&#8221;||10px||false|false&#8221; link_option_url=&#8221;@ET-DC@eyJkeW5hbWljIjp0cnVlLCJjb250ZW50IjoicG9zdF9saW5rX3VybF9wYWdlIiwic2V0dGluZ3MiOnsicG9zdF9pZCI6IjU3NiJ9fQ==@&#8221; locked=&#8221;off&#8221; global_colors_info=&#8221;{}&#8221;]<\/p>\n<p>Cookie policy (UE)<\/p>\n<p>[\/et_pb_text][\/et_pb_column][\/et_pb_row][et_pb_row _builder_version=&#8221;4.19.5&#8243; _module_preset=&#8221;default&#8221; global_colors_info=&#8221;{}&#8221;][et_pb_column type=&#8221;4_4&#8243; _builder_version=&#8221;4.19.5&#8243; _module_preset=&#8221;default&#8221; global_colors_info=&#8221;{}&#8221;][et_pb_text _builder_version=&#8221;4.19.5&#8243; _dynamic_attributes=&#8221;content&#8221; _module_preset=&#8221;35894622-78f5-4ffb-aad3-33371e758dc0&#8243; text_text_color=&#8221;#D2D0BB&#8221; text_orientation=&#8221;center&#8221; global_colors_info=&#8221;{}&#8221;]@ET-DC@eyJkeW5hbWljIjp0cnVlLCJjb250ZW50IjoiY3VycmVudF9kYXRlIiwic2V0dGluZ3MiOnsiYmVmb3JlIjoiQ29weXJpZ2h0ICZjb3B5OyAiLCJhZnRlciI6IiBEaXZpLiBBbGwgUmlnaHRzIFJlc2VydmVkLiIsImRhdGVfZm9ybWF0IjoiY3VzdG9tIiwiY3VzdG9tX2RhdGVfZm9ybWF0IjoiWSJ9fQ==@[\/et_pb_text][\/et_pb_column][\/et_pb_row][\/et_pb_section]<\/p>\n","protected":false},"excerpt":{"rendered":"<p>sostegno psicologico individualeColloqui di supporto psicologico dedicati alla persona.Bisogna avere un problema per andare dallo psicologo? No! Sfatiamo questo mito insieme. Pi\u00f9 frequentemente, pu\u00f2 capitare che si avverta il bisogno di fermarsi, di trovare uno spazio proprio in cui sentirsi al sicuro, oppure, semplicemente, di essere ascoltati. &nbsp;Il supporto psicologico non \u00e8 una dispensa di [&hellip;]<\/p>\n","protected":false},"author":1,"featured_media":0,"parent":0,"menu_order":0,"comment_status":"closed","ping_status":"closed","template":"","meta":{"_et_pb_use_builder":"on","_et_pb_old_content":"","_et_gb_content_width":"","footnotes":""},"class_list":["post-200","page","type-page","status-publish","hentry"],"_links":{"self":[{"href":"https:\/\/www.themindedbaby.it\/index.php\/wp-json\/wp\/v2\/pages\/200","targetHints":{"allow":["GET"]}}],"collection":[{"href":"https:\/\/www.themindedbaby.it\/index.php\/wp-json\/wp\/v2\/pages"}],"about":[{"href":"https:\/\/www.themindedbaby.it\/index.php\/wp-json\/wp\/v2\/types\/page"}],"author":[{"embeddable":true,"href":"https:\/\/www.themindedbaby.it\/index.php\/wp-json\/wp\/v2\/users\/1"}],"replies":[{"embeddable":true,"href":"https:\/\/www.themindedbaby.it\/index.php\/wp-json\/wp\/v2\/comments?post=200"}],"version-history":[{"count":22,"href":"https:\/\/www.themindedbaby.it\/index.php\/wp-json\/wp\/v2\/pages\/200\/revisions"}],"predecessor-version":[{"id":592,"href":"https:\/\/www.themindedbaby.it\/index.php\/wp-json\/wp\/v2\/pages\/200\/revisions\/592"}],"wp:attachment":[{"href":"https:\/\/www.themindedbaby.it\/index.php\/wp-json\/wp\/v2\/media?parent=200"}],"curies":[{"name":"wp","href":"https:\/\/api.w.org\/{rel}","templated":true}]}}